{"id":37,"date":"2015-09-08T14:45:22","date_gmt":"2015-09-08T12:45:22","guid":{"rendered":"https:\/\/geruestbau-berger.de\/rek\/?page_id=37"},"modified":"2019-11-21T12:45:53","modified_gmt":"2019-11-21T11:45:53","slug":"geruestbau-in-zahlen","status":"publish","type":"page","link":"https:\/\/geruestbau-berger.de\/rek\/geruestbau-in-zahlen\/","title":{"rendered":"Ger\u00fcstbau in Zahlen"},"content":{"rendered":"<p class=\"p1\">Im Zentrallager lagern Materialien auf 10.000 m\u00b2. Die restlichen 15.600 m\u00b2 verteilen sich auf zahlreiche Zwischenlager, von denen wiederum 4.000 m\u00b2 \u00fcberdacht sind, in denen wetterempfindliches Material gelagert werden kann. Selbstverst\u00e4ndlich sind alle Lagerpl\u00e4tze mit modernen Palettensystemen und Gabelstaplern ausger\u00fcstet. Unsere Fahrzeuge sind rund um die Uhr einsatzbereit, um den Transport von ca. 8.000 Tonnen Material reibungslos abzuwickeln und Kundenw\u00fcnsche schnell zu erledigen.<\/p>\n<p class=\"p1\">Bei Material- oder Auftragsspitzen mieten Sie einfach das ben\u00f6tigte Material bei uns f\u00fcr Ihren Auftrag. So k\u00f6nnen Sie auch gr\u00f6\u00dfere Projekte ohne Neuinvestitionen realisieren.<\/p>\n<p><strong>Materialbestand<\/strong><\/p>\n<p class=\"p3\">Das Ger\u00fcstmaterials teilt sich wie folgt auf:<\/p>\n<p class=\"p3\">ca. 1.400 t Fassadenger\u00fcst<br \/>\nca 1.650 t Holzbohlen Gittertr\u00e4ger und systemfreies Zubeh\u00f6r<br \/>\nca. 3.000 t Modulger\u00fcst<br \/>\nGesamt 6.050 t im Wert von ca. 25.000.000 \u20ac<\/p>\n<p><strong>Fuhrpark<\/strong><\/p>\n<p>32 Pkw\u00b4s \/ Busse<br \/>\n17 Lkw\u00b4s von 3,49 to bis 26,00 to.<br \/>\n5 Anh\u00e4nger gem. StVO von 3,50 to. bis 11 to.<br \/>\n13 Gabelstapler von 2,50 to. bis 4,00 to.<br \/>\n1 Gel\u00e4ndegabelstapler von 3,50 to.<br \/>\n16 Bauaufz\u00fcge von 120 kg bis zu 1,50 to.<br \/>\n12 Traktoren verschiedener Gr\u00f6\u00dfen<br \/>\n45 Anh\u00e4nger f\u00fcr den Werkverkehr<br \/>\n40 Container \/ B\u00fcro \/ Mannschaft \/ Toilette usw.<\/p>\n","protected":false},"excerpt":{"rendered":"<p>Im Zentrallager lagern Materialien auf 10.000 m\u00b2. Die restlichen 15.600 m\u00b2 verteilen sich auf zahlreiche Zwischenlager, von denen wiederum 4.000 m\u00b2 \u00fcberdacht sind, in denen wetterempfindliches Material gelagert werden kann. Selbstverst\u00e4ndlich sind alle Lagerpl\u00e4tze mit modernen Palettensystemen und Gabelstaplern ausger\u00fcstet. Unsere Fahrzeuge sind rund um die Uhr einsatzbereit, um den Transport von ca. 8.000 Tonnen [&hellip;]<\/p>\n","protected":false},"author":1,"featured_media":11,"parent":0,"menu_order":0,"comment_status":"closed","ping_status":"closed","template":"","meta":{"_bbp_topic_count":0,"_bbp_reply_count":0,"_bbp_total_topic_count":0,"_bbp_total_reply_count":0,"_bbp_voice_count":0,"_bbp_anonymous_reply_count":0,"_bbp_topic_count_hidden":0,"_bbp_reply_count_hidden":0,"_bbp_forum_subforum_count":0,"footnotes":""},"class_list":["post-37","page","type-page","status-publish","has-post-thumbnail","hentry"],"_links":{"self":[{"href":"https:\/\/geruestbau-berger.de\/rek\/wp-json\/wp\/v2\/pages\/37","targetHints":{"allow":["GET"]}}],"collection":[{"href":"https:\/\/geruestbau-berger.de\/rek\/wp-json\/wp\/v2\/pages"}],"about":[{"href":"https:\/\/geruestbau-berger.de\/rek\/wp-json\/wp\/v2\/types\/page"}],"author":[{"embeddable":true,"href":"https:\/\/geruestbau-berger.de\/rek\/wp-json\/wp\/v2\/users\/1"}],"replies":[{"embeddable":true,"href":"https:\/\/geruestbau-berger.de\/rek\/wp-json\/wp\/v2\/comments?post=37"}],"version-history":[{"count":9,"href":"https:\/\/geruestbau-berger.de\/rek\/wp-json\/wp\/v2\/pages\/37\/revisions"}],"predecessor-version":[{"id":405,"href":"https:\/\/geruestbau-berger.de\/rek\/wp-json\/wp\/v2\/pages\/37\/revisions\/405"}],"wp:featuredmedia":[{"embeddable":true,"href":"https:\/\/geruestbau-berger.de\/rek\/wp-json\/wp\/v2\/media\/11"}],"wp:attachment":[{"href":"https:\/\/geruestbau-berger.de\/rek\/wp-json\/wp\/v2\/media?parent=37"}],"curies":[{"name":"wp","href":"https:\/\/api.w.org\/{rel}","templated":true}]}}