{"id":65,"date":"2015-09-08T15:17:56","date_gmt":"2015-09-08T13:17:56","guid":{"rendered":"https:\/\/geruestbau-berger.de\/rek\/?page_id=65"},"modified":"2025-01-28T15:40:57","modified_gmt":"2025-01-28T14:40:57","slug":"ansprechpartner","status":"publish","type":"page","link":"https:\/\/geruestbau-berger.de\/rek\/ansprechpartner\/","title":{"rendered":"Gesch\u00e4ftsf\u00fchrung \/Leitung"},"content":{"rendered":"\n<div class=\"wp-block-group has-global-padding is-layout-constrained wp-block-group-is-layout-constrained\">\n<figure class=\"wp-block-image alignleft\"><img loading=\"lazy\" decoding=\"async\" width=\"200\" height=\"300\" src=\"https:\/\/geruestbau-berger.de\/rek\/wp-content\/uploads\/2015\/09\/K\u00fcnne-Rainer-Erwin-200x300.jpg\" alt=\"K\u00fcnne, Rainer Erwin\" class=\"wp-image-66\" srcset=\"https:\/\/geruestbau-berger.de\/rek\/wp-content\/uploads\/2015\/09\/K\u00fcnne-Rainer-Erwin-200x300.jpg 200w, https:\/\/geruestbau-berger.de\/rek\/wp-content\/uploads\/2015\/09\/K\u00fcnne-Rainer-Erwin-683x1024.jpg 683w, https:\/\/geruestbau-berger.de\/rek\/wp-content\/uploads\/2015\/09\/K\u00fcnne-Rainer-Erwin-620x930.jpg 620w, https:\/\/geruestbau-berger.de\/rek\/wp-content\/uploads\/2015\/09\/K\u00fcnne-Rainer-Erwin.jpg 1568w\" sizes=\"auto, (max-width: 200px) 100vw, 200px\" \/><\/figure>\n<\/div>\n\n\n\n<figure class=\"wp-block-image alignright\"><img loading=\"lazy\" decoding=\"async\" width=\"200\" height=\"300\" src=\"https:\/\/geruestbau-berger.de\/rek\/wp-content\/uploads\/2015\/09\/Sommerey-Inge-200x300.jpg\" alt=\"Sommerey, Inge\" class=\"wp-image-71\" srcset=\"https:\/\/geruestbau-berger.de\/rek\/wp-content\/uploads\/2015\/09\/Sommerey-Inge-200x300.jpg 200w, https:\/\/geruestbau-berger.de\/rek\/wp-content\/uploads\/2015\/09\/Sommerey-Inge-683x1024.jpg 683w, https:\/\/geruestbau-berger.de\/rek\/wp-content\/uploads\/2015\/09\/Sommerey-Inge-620x930.jpg 620w, https:\/\/geruestbau-berger.de\/rek\/wp-content\/uploads\/2015\/09\/Sommerey-Inge.jpg 1568w\" sizes=\"auto, (max-width: 200px) 100vw, 200px\" \/><\/figure>\n\n\n\n<p><br><br><\/p>\n\n\n\n<p class=\"has-text-align-right\">&nbsp;<\/p>\n\n\n\n<p class=\"has-text-align-right\">&nbsp;<\/p>\n\n\n\n<p class=\"has-text-align-right\">&nbsp;<\/p>\n\n\n\n<p class=\"has-text-align-right\">&nbsp;<\/p>\n\n\n\n<p>&nbsp;<\/p>\n\n\n\n<p>&nbsp;<\/p>\n\n\n\n<div class=\"wp-block-group has-global-padding is-layout-constrained wp-block-group-is-layout-constrained\">\n<p class=\"has-text-align-left\"><br><strong>Rainer E. K\u00fcnne<\/strong><br>Gesch\u00e4ftsf\u00fchrender Gesellschafter<br>REK Ger\u00fcstbau Berger GmbH<br>Hermannstr. 181 \u2022&nbsp;45964 Gladbeck<br>Telefon: 0 20 43 \/ 27 94 0<br>Telefax: 0 20 43 \/ 27 94 50<br>rek@geruestbau-berger.de<\/p>\n<\/div>\n\n\n\n<p class=\"has-text-align-right\"><strong>Inge Sommerey<\/strong><br>Prokuristin<br>REK Ger\u00fcstbau Berger GmbH<br>Hermannstr. 181 \u2022&nbsp;45964 Gladbeck<br>Telefon: 0 20 43 \/ 27 94 32<br>Telefax: 0 20 43 \/ 27 94 50<br>Mobil: 0151 \/ 19 56 04 32<br>rek-iso@geruestbau-berger.de<br><br><\/p>\n\n\n\n<hr class=\"wp-block-separator has-alpha-channel-opacity\"\/>\n\n\n<p>[one_half first]<img loading=\"lazy\" decoding=\"async\" class=\"size-medium wp-image-79 alignleft\" src=\"https:\/\/geruestbau-berger.de\/rek\/wp-content\/uploads\/2015\/09\/Sommerey-Pierre-200x300.jpg\" alt=\"Sommerey, Pierre\" width=\"200\" height=\"300\" srcset=\"https:\/\/geruestbau-berger.de\/rek\/wp-content\/uploads\/2015\/09\/Sommerey-Pierre-200x300.jpg 200w, https:\/\/geruestbau-berger.de\/rek\/wp-content\/uploads\/2015\/09\/Sommerey-Pierre-683x1024.jpg 683w, https:\/\/geruestbau-berger.de\/rek\/wp-content\/uploads\/2015\/09\/Sommerey-Pierre-620x930.jpg 620w, https:\/\/geruestbau-berger.de\/rek\/wp-content\/uploads\/2015\/09\/Sommerey-Pierre.jpg 1568w\" sizes=\"auto, (max-width: 200px) 100vw, 200px\" \/>[\/one_half]<\/p>\n\n\n<p>[one_half]<img loading=\"lazy\" decoding=\"async\" class=\"size-medium wp-image-81 alignleft\" src=\"https:\/\/geruestbau-berger.de\/rek\/wp-content\/uploads\/2015\/09\/K\u00fcnne-Erwin-200x300.jpg\" alt=\"K\u00fcnne, Erwin\" width=\"200\" height=\"300\" srcset=\"https:\/\/geruestbau-berger.de\/rek\/wp-content\/uploads\/2015\/09\/K\u00fcnne-Erwin-200x300.jpg 200w, https:\/\/geruestbau-berger.de\/rek\/wp-content\/uploads\/2015\/09\/K\u00fcnne-Erwin-683x1024.jpg 683w, https:\/\/geruestbau-berger.de\/rek\/wp-content\/uploads\/2015\/09\/K\u00fcnne-Erwin-620x930.jpg 620w, https:\/\/geruestbau-berger.de\/rek\/wp-content\/uploads\/2015\/09\/K\u00fcnne-Erwin.jpg 1568w\" sizes=\"auto, (max-width: 200px) 100vw, 200px\" \/><br \/>\n[\/one_half]<\/p>\n\n\n<p>[one_half first]<br \/>\n<strong>Pierre Sommerey<\/strong><br \/>\nProkurist<br \/>\nZentrallagerleiter<br \/>\nZentrallager Gelsenkirchen<br \/>\nAlmastr. 117 \u2022\u00a045886 Gelsenkirchen<br \/>\nTelefon: 02 09 \/ 14 73 07 28<br \/>\nTelefax: 02 09 \/ 20 35 17<br \/>\nMobil: 0151 \/ 19 56 04 33<br \/>\nrek-ps@geruestbau-berger.de<br \/>\n[\/one_half]<\/p>\n\n\n<p>[one_half]<br \/>\n<strong>Erwin K\u00fcnne<\/strong><br \/>\nProkurist<br \/>\nREK Ger\u00fcstbau Berger GmbH<br \/>\nHermannstr. 181 \u2022\u00a045964 Gladbeck<br \/>\nTelefon: 0 20 43 \/ 27 94 54<br \/>\nTelefax: 0 20 43 \/ 27 94 50<br \/>\nMobil: 0151 \/ 19 56 04 01<br \/>\nrek-ek@geruestbau-berger.de<br \/>\n[\/one_half]<\/p>\n\n\n\n<hr class=\"wp-block-separator has-alpha-channel-opacity\"\/>\n\n\n<p>[one_half first]<img loading=\"lazy\" decoding=\"async\" class=\"alignleft wp-image-113 size-medium\" src=\"https:\/\/geruestbau-berger.de\/rek\/wp-content\/uploads\/2015\/09\/Terboven-Lars-200x300.jpg\" alt=\"\" width=\"200\" height=\"300\" srcset=\"https:\/\/geruestbau-berger.de\/rek\/wp-content\/uploads\/2015\/09\/Terboven-Lars-200x300.jpg 200w, https:\/\/geruestbau-berger.de\/rek\/wp-content\/uploads\/2015\/09\/Terboven-Lars-683x1024.jpg 683w, https:\/\/geruestbau-berger.de\/rek\/wp-content\/uploads\/2015\/09\/Terboven-Lars-620x930.jpg 620w, https:\/\/geruestbau-berger.de\/rek\/wp-content\/uploads\/2015\/09\/Terboven-Lars.jpg 1568w\" sizes=\"auto, (max-width: 200px) 100vw, 200px\" \/>[\/one_half]<\/p>\n\n\n<p>[one_half]<img loading=\"lazy\" decoding=\"async\" class=\"alignleft wp-image-201 size-full\" src=\"https:\/\/geruestbau-berger.de\/rek\/wp-content\/uploads\/2017\/08\/merchel.jpg\" alt=\"\" width=\"200\" height=\"280\" \/>[\/one_half]<\/p>\n\n\n<p>[one_half first]<br \/>\n<strong>Lars Terboven<br \/>\n<\/strong>Prokurist<br \/>\ntechnische Leitung<br \/>\nREK Ger\u00fcstbau Berger GmbH<br \/>\nHermannstr. 181 \u2022\u00a045964 Gladbeck<br \/>\nTelefon: 0 20 43 \/ 27 94 45<br \/>\nTelefax: 0 20 43 \/ 27 94 95<br \/>\nMobil: 0151 \/ 19 56 04 03<br \/>\nrek-lt@geruestbau-berger.de<br \/>\n[\/one_half]<\/p>\n\n\n<p>[one_half]<\/p>\n<p class=\"p1\"><strong>Holger Merchel<br \/>\n<\/strong>Handlungsbevollm\u00e4chtigter<br \/>\ntechnische Leitung<br \/>\nREK Ger\u00fcstbau Berger GmbH<br \/>\nHermannstr. 181 \u2022 45964 Gladbeck<br \/>\nTelefon: 0 20 43 \/ 27 94 0<br \/>\nTelefax: 0 20 43 \/ 27 94 50<br \/>\nMobil: 0151 \/ 19 56 04 04<br \/>\nrek-hm@geruestbau-berger.de<br \/>\n[\/one_half]<\/p>\n\n\n\n<hr class=\"wp-block-separator has-alpha-channel-opacity\"\/>\n\n\n\n<p>&nbsp;<\/p>\n\n\n\n<hr class=\"wp-block-separator has-alpha-channel-opacity\"\/>\n","protected":false},"excerpt":{"rendered":"<p>&nbsp; &nbsp; &nbsp; &nbsp; &nbsp; &nbsp; Rainer E. K\u00fcnneGesch\u00e4ftsf\u00fchrender GesellschafterREK Ger\u00fcstbau Berger GmbHHermannstr. 181 \u2022&nbsp;45964 GladbeckTelefon: 0 20 43 \/ 27 94 0Telefax: 0 20 43 \/ 27 94 50rek@geruestbau-berger.de Inge SommereyProkuristinREK Ger\u00fcstbau Berger GmbHHermannstr. 181 \u2022&nbsp;45964 GladbeckTelefon: 0 20 43 \/ 27 94 32Telefax: 0 20 43 \/ 27 94 50Mobil: 0151 \/ 19 [&hellip;]<\/p>\n","protected":false},"author":1,"featured_media":0,"parent":0,"menu_order":0,"comment_status":"closed","ping_status":"closed","template":"","meta":{"_bbp_topic_count":0,"_bbp_reply_count":0,"_bbp_total_topic_count":0,"_bbp_total_reply_count":0,"_bbp_voice_count":0,"_bbp_anonymous_reply_count":0,"_bbp_topic_count_hidden":0,"_bbp_reply_count_hidden":0,"_bbp_forum_subforum_count":0,"footnotes":""},"class_list":["post-65","page","type-page","status-publish","hentry"],"_links":{"self":[{"href":"https:\/\/geruestbau-berger.de\/rek\/wp-json\/wp\/v2\/pages\/65","targetHints":{"allow":["GET"]}}],"collection":[{"href":"https:\/\/geruestbau-berger.de\/rek\/wp-json\/wp\/v2\/pages"}],"about":[{"href":"https:\/\/geruestbau-berger.de\/rek\/wp-json\/wp\/v2\/types\/page"}],"author":[{"embeddable":true,"href":"https:\/\/geruestbau-berger.de\/rek\/wp-json\/wp\/v2\/users\/1"}],"replies":[{"embeddable":true,"href":"https:\/\/geruestbau-berger.de\/rek\/wp-json\/wp\/v2\/comments?post=65"}],"version-history":[{"count":50,"href":"https:\/\/geruestbau-berger.de\/rek\/wp-json\/wp\/v2\/pages\/65\/revisions"}],"predecessor-version":[{"id":578,"href":"https:\/\/geruestbau-berger.de\/rek\/wp-json\/wp\/v2\/pages\/65\/revisions\/578"}],"wp:attachment":[{"href":"https:\/\/geruestbau-berger.de\/rek\/wp-json\/wp\/v2\/media?parent=65"}],"curies":[{"name":"wp","href":"https:\/\/api.w.org\/{rel}","templated":true}]}}

Geschäftsführung /Leitung

<div class="wp-block-group has-global-padding is-layout-constrained wp-block-group-is-layout-constrained">
<figure class="wp-block-image alignleft"><img loading="lazy" decoding="async" width="200" height="300" src="https://geruestbau-berger.de/rek/wp-content/uploads/2015/09/Künne-Rainer-Erwin-200x300.jpg" alt="Künne, Rainer Erwin" class="wp-image-66" srcset="https://geruestbau-berger.de/rek/wp-content/uploads/2015/09/Künne-Rainer-Erwin-200x300.jpg 200w, https://geruestbau-berger.de/rek/wp-content/uploads/2015/09/Künne-Rainer-Erwin-683x1024.jpg 683w, https://geruestbau-berger.de/rek/wp-content/uploads/2015/09/Künne-Rainer-Erwin-620x930.jpg 620w, https://geruestbau-berger.de/rek/wp-content/uploads/2015/09/Künne-Rainer-Erwin.jpg 1568w" sizes="auto, (max-width: 200px) 100vw, 200px" /></figure>
</div>



<figure class="wp-block-image alignright"><img loading="lazy" decoding="async" width="200" height="300" src="https://geruestbau-berger.de/rek/wp-content/uploads/2015/09/Sommerey-Inge-200x300.jpg" alt="Sommerey, Inge" class="wp-image-71" srcset="https://geruestbau-berger.de/rek/wp-content/uploads/2015/09/Sommerey-Inge-200x300.jpg 200w, https://geruestbau-berger.de/rek/wp-content/uploads/2015/09/Sommerey-Inge-683x1024.jpg 683w, https://geruestbau-berger.de/rek/wp-content/uploads/2015/09/Sommerey-Inge-620x930.jpg 620w, https://geruestbau-berger.de/rek/wp-content/uploads/2015/09/Sommerey-Inge.jpg 1568w" sizes="auto, (max-width: 200px) 100vw, 200px" /></figure>



<p><br><br></p>



<p class="has-text-align-right">&nbsp;</p>



<p class="has-text-align-right">&nbsp;</p>



<p class="has-text-align-right">&nbsp;</p>



<p class="has-text-align-right">&nbsp;</p>



<p>&nbsp;</p>



<p>&nbsp;</p>



<div class="wp-block-group has-global-padding is-layout-constrained wp-block-group-is-layout-constrained">
<p class="has-text-align-left"><br><strong>Rainer E. Künne</strong><br>Geschäftsführender Gesellschafter<br>REK Gerüstbau Berger GmbH<br>Hermannstr. 181 •&nbsp;45964 Gladbeck<br>Telefon: 0 20 43 / 27 94 0<br>Telefax: 0 20 43 / 27 94 50<br>rek@geruestbau-berger.de</p>
</div>



<p class="has-text-align-right"><strong>Inge Sommerey</strong><br>Prokuristin<br>REK Gerüstbau Berger GmbH<br>Hermannstr. 181 •&nbsp;45964 Gladbeck<br>Telefon: 0 20 43 / 27 94 32<br>Telefax: 0 20 43 / 27 94 50<br>Mobil: 0151 / 19 56 04 32<br>rek-iso@geruestbau-berger.de<br><br></p>



<hr class="wp-block-separator has-alpha-channel-opacity"/>


<p>[one_half first]<img loading="lazy" decoding="async" class="size-medium wp-image-79 alignleft" src="https://geruestbau-berger.de/rek/wp-content/uploads/2015/09/Sommerey-Pierre-200x300.jpg" alt="Sommerey, Pierre" width="200" height="300" srcset="https://geruestbau-berger.de/rek/wp-content/uploads/2015/09/Sommerey-Pierre-200x300.jpg 200w, https://geruestbau-berger.de/rek/wp-content/uploads/2015/09/Sommerey-Pierre-683x1024.jpg 683w, https://geruestbau-berger.de/rek/wp-content/uploads/2015/09/Sommerey-Pierre-620x930.jpg 620w, https://geruestbau-berger.de/rek/wp-content/uploads/2015/09/Sommerey-Pierre.jpg 1568w" sizes="auto, (max-width: 200px) 100vw, 200px" />[/one_half]</p>


<p>[one_half]<img loading="lazy" decoding="async" class="size-medium wp-image-81 alignleft" src="https://geruestbau-berger.de/rek/wp-content/uploads/2015/09/Künne-Erwin-200x300.jpg" alt="Künne, Erwin" width="200" height="300" srcset="https://geruestbau-berger.de/rek/wp-content/uploads/2015/09/Künne-Erwin-200x300.jpg 200w, https://geruestbau-berger.de/rek/wp-content/uploads/2015/09/Künne-Erwin-683x1024.jpg 683w, https://geruestbau-berger.de/rek/wp-content/uploads/2015/09/Künne-Erwin-620x930.jpg 620w, https://geruestbau-berger.de/rek/wp-content/uploads/2015/09/Künne-Erwin.jpg 1568w" sizes="auto, (max-width: 200px) 100vw, 200px" /><br />
[/one_half]</p>


<p>[one_half first]<br />
<strong>Pierre Sommerey</strong><br />
Prokurist<br />
Zentrallagerleiter<br />
Zentrallager Gelsenkirchen<br />
Almastr. 117 • 45886 Gelsenkirchen<br />
Telefon: 02 09 / 14 73 07 28<br />
Telefax: 02 09 / 20 35 17<br />
Mobil: 0151 / 19 56 04 33<br />
rek-ps@geruestbau-berger.de<br />
[/one_half]</p>


<p>[one_half]<br />
<strong>Erwin Künne</strong><br />
Prokurist<br />
REK Gerüstbau Berger GmbH<br />
Hermannstr. 181 • 45964 Gladbeck<br />
Telefon: 0 20 43 / 27 94 54<br />
Telefax: 0 20 43 / 27 94 50<br />
Mobil: 0151 / 19 56 04 01<br />
rek-ek@geruestbau-berger.de<br />
[/one_half]</p>



<hr class="wp-block-separator has-alpha-channel-opacity"/>


<p>[one_half first]<img loading="lazy" decoding="async" class="alignleft wp-image-113 size-medium" src="https://geruestbau-berger.de/rek/wp-content/uploads/2015/09/Terboven-Lars-200x300.jpg" alt="" width="200" height="300" srcset="https://geruestbau-berger.de/rek/wp-content/uploads/2015/09/Terboven-Lars-200x300.jpg 200w, https://geruestbau-berger.de/rek/wp-content/uploads/2015/09/Terboven-Lars-683x1024.jpg 683w, https://geruestbau-berger.de/rek/wp-content/uploads/2015/09/Terboven-Lars-620x930.jpg 620w, https://geruestbau-berger.de/rek/wp-content/uploads/2015/09/Terboven-Lars.jpg 1568w" sizes="auto, (max-width: 200px) 100vw, 200px" />[/one_half]</p>


<p>[one_half]<img loading="lazy" decoding="async" class="alignleft wp-image-201 size-full" src="https://geruestbau-berger.de/rek/wp-content/uploads/2017/08/merchel.jpg" alt="" width="200" height="280" />[/one_half]</p>


<p>[one_half first]<br />
<strong>Lars Terboven<br />
</strong>Prokurist<br />
technische Leitung<br />
REK Gerüstbau Berger GmbH<br />
Hermannstr. 181 • 45964 Gladbeck<br />
Telefon: 0 20 43 / 27 94 45<br />
Telefax: 0 20 43 / 27 94 95<br />
Mobil: 0151 / 19 56 04 03<br />
rek-lt@geruestbau-berger.de<br />
[/one_half]</p>


<p>[one_half]</p>
<p class="p1"><strong>Holger Merchel<br />
</strong>Handlungsbevollmächtigter<br />
technische Leitung<br />
REK Gerüstbau Berger GmbH<br />
Hermannstr. 181 • 45964 Gladbeck<br />
Telefon: 0 20 43 / 27 94 0<br />
Telefax: 0 20 43 / 27 94 50<br />
Mobil: 0151 / 19 56 04 04<br />
rek-hm@geruestbau-berger.de<br />
[/one_half]</p>



<hr class="wp-block-separator has-alpha-channel-opacity"/>



<p>&nbsp;</p>



<hr class="wp-block-separator has-alpha-channel-opacity"/>

<p>&nbsp; &nbsp; &nbsp; &nbsp; &nbsp; &nbsp; Rainer E. KünneGeschäftsführender GesellschafterREK Gerüstbau Berger GmbHHermannstr. 181 •&nbsp;45964 GladbeckTelefon: 0 20 43 / 27 94 0Telefax: 0 20 43 / 27 94 50rek@geruestbau-berger.de Inge SommereyProkuristinREK Gerüstbau Berger GmbHHermannstr. 181 •&nbsp;45964 GladbeckTelefon: 0 20 43 / 27 94 32Telefax: 0 20 43 / 27 94 50Mobil: 0151 / 19 [&hellip;]</p>
